{"id":29,"date":"2025-02-03T20:30:37","date_gmt":"2025-02-03T19:30:37","guid":{"rendered":"https:\/\/hotel-intemporel.com\/?page_id=29"},"modified":"2025-05-02T07:40:44","modified_gmt":"2025-05-02T05:40:44","slug":"les-chambres","status":"publish","type":"page","link":"https:\/\/www.hotel-intemporel.com\/index.php\/les-chambres\/","title":{"rendered":"b_H\u00f4tel"},"content":{"rendered":"\n<p class=\"has-text-align-center\">Connu pour ses tarifs d\u00e9fiant toute concurrence, les chambres de l&rsquo;Intemporel s&rsquo;adaptent \u00e0 tous les budgets.<\/p>\n\n\n\n<p class=\"has-text-align-center\">Des r\u00e9novations sont pr\u00e9vues dans les mois \u00e0 venir.<\/p>\n\n\n\n<p class=\"has-text-align-center\">Adapt\u00e9es aux voyageurs comme aux touristes de passage, les chambres sont simples, et permettent \u00e0 tout un chacun d&rsquo;y trouver son bonheur :<\/p>\n\n\n\n<p class=\"has-text-align-center\">Vous y trouverez notamment des chambres:\/<em>NB : Les attestations de r\u00e9servation pour les demandes de visa sont demand\u00e9es de pr\u00e9f\u00e9rence une semaine avant votre date de voyage.<\/em><\/p>\n\n\n\n<figure class=\"wp-block-image aligncenter size-large\"><img loading=\"lazy\" decoding=\"async\" width=\"819\" height=\"1024\" src=\"https:\/\/www.hotel-intemporel.com\/wp-content\/uploads\/2025\/05\/Chbre_Routard-819x1024.jpeg\" alt=\"\" class=\"wp-image-554\"\/><\/figure>\n\n\n\n<figure class=\"wp-block-image aligncenter size-large\"><img loading=\"lazy\" decoding=\"async\" width=\"819\" height=\"1024\" src=\"https:\/\/www.hotel-intemporel.com\/wp-content\/uploads\/2025\/05\/Chbre_Ventile_classique-819x1024.jpeg\" alt=\"\" class=\"wp-image-555\" srcset=\"https:\/\/www.hotel-intemporel.com\/wp-content\/uploads\/2025\/05\/Chbre_Ventile_classique-819x1024.jpeg 819w, https:\/\/www.hotel-intemporel.com\/wp-content\/uploads\/2025\/05\/Chbre_Ventile_classique-240x300.jpeg 240w, https:\/\/www.hotel-intemporel.com\/wp-content\/uploads\/2025\/05\/Chbre_Ventile_classique-768x960.jpeg 768w, https:\/\/www.hotel-intemporel.com\/wp-content\/uploads\/2025\/05\/Chbre_Ventile_classique.jpeg 864w\" sizes=\"auto, (max-width: 819px) 100vw, 819px\" \/><\/figure>\n\n\n\n<figure class=\"wp-block-image aligncenter size-large\"><img loading=\"lazy\" decoding=\"async\" width=\"819\" height=\"1024\" src=\"https:\/\/www.hotel-intemporel.com\/wp-content\/uploads\/2025\/05\/Chbre_Grande_ventile-819x1024.jpeg\" alt=\"\" class=\"wp-image-556\" srcset=\"https:\/\/www.hotel-intemporel.com\/wp-content\/uploads\/2025\/05\/Chbre_Grande_ventile-819x1024.jpeg 819w, https:\/\/www.hotel-intemporel.com\/wp-content\/uploads\/2025\/05\/Chbre_Grande_ventile-240x300.jpeg 240w, https:\/\/www.hotel-intemporel.com\/wp-content\/uploads\/2025\/05\/Chbre_Grande_ventile-768x960.jpeg 768w, https:\/\/www.hotel-intemporel.com\/wp-content\/uploads\/2025\/05\/Chbre_Grande_ventile.jpeg 864w\" sizes=\"auto, (max-width: 819px) 100vw, 819px\" \/><\/figure>\n\n\n\n<figure class=\"wp-block-image aligncenter size-large\"><img loading=\"lazy\" decoding=\"async\" width=\"819\" height=\"1024\" src=\"https:\/\/www.hotel-intemporel.com\/wp-content\/uploads\/2025\/05\/Chbre_Climatise_petite-819x1024.jpeg\" alt=\"\" class=\"wp-image-557\" srcset=\"https:\/\/www.hotel-intemporel.com\/wp-content\/uploads\/2025\/05\/Chbre_Climatise_petite-819x1024.jpeg 819w, https:\/\/www.hotel-intemporel.com\/wp-content\/uploads\/2025\/05\/Chbre_Climatise_petite-240x300.jpeg 240w, https:\/\/www.hotel-intemporel.com\/wp-content\/uploads\/2025\/05\/Chbre_Climatise_petite-768x960.jpeg 768w, https:\/\/www.hotel-intemporel.com\/wp-content\/uploads\/2025\/05\/Chbre_Climatise_petite.jpeg 864w\" sizes=\"auto, (max-width: 819px) 100vw, 819px\" \/><\/figure>\n\n\n\n<figure class=\"wp-block-image aligncenter size-large\"><img loading=\"lazy\" decoding=\"async\" width=\"819\" height=\"1024\" src=\"https:\/\/www.hotel-intemporel.com\/wp-content\/uploads\/2025\/05\/Chbre_Climatise_classique-819x1024.jpeg\" alt=\"\" class=\"wp-image-558\" srcset=\"https:\/\/www.hotel-intemporel.com\/wp-content\/uploads\/2025\/05\/Chbre_Climatise_classique-819x1024.jpeg 819w, https:\/\/www.hotel-intemporel.com\/wp-content\/uploads\/2025\/05\/Chbre_Climatise_classique-240x300.jpeg 240w, https:\/\/www.hotel-intemporel.com\/wp-content\/uploads\/2025\/05\/Chbre_Climatise_classique-768x960.jpeg 768w, https:\/\/www.hotel-intemporel.com\/wp-content\/uploads\/2025\/05\/Chbre_Climatise_classique.jpeg 864w\" sizes=\"auto, (max-width: 819px) 100vw, 819px\" \/><\/figure>\n\n\n\n<figure class=\"wp-block-image aligncenter size-large\"><img loading=\"lazy\" decoding=\"async\" width=\"819\" height=\"1024\" src=\"https:\/\/www.hotel-intemporel.com\/wp-content\/uploads\/2025\/05\/Chbre_Climatise_grande-819x1024.jpeg\" alt=\"\" class=\"wp-image-559\" srcset=\"https:\/\/www.hotel-intemporel.com\/wp-content\/uploads\/2025\/05\/Chbre_Climatise_grande-819x1024.jpeg 819w, https:\/\/www.hotel-intemporel.com\/wp-content\/uploads\/2025\/05\/Chbre_Climatise_grande-240x300.jpeg 240w, https:\/\/www.hotel-intemporel.com\/wp-content\/uploads\/2025\/05\/Chbre_Climatise_grande-768x960.jpeg 768w, https:\/\/www.hotel-intemporel.com\/wp-content\/uploads\/2025\/05\/Chbre_Climatise_grande.jpeg 1024w\" sizes=\"auto, (max-width: 819px) 100vw, 819px\" \/><\/figure>\n","protected":false},"excerpt":{"rendered":"<p>Connu pour ses tarifs d\u00e9fiant toute concurrence, les chambres de l&rsquo;Intemporel s&rsquo;adaptent \u00e0 tous les budgets. Des r\u00e9novations sont pr\u00e9vues [&hellip;]<\/p>\n","protected":false},"author":1,"featured_media":0,"parent":0,"menu_order":0,"comment_status":"closed","ping_status":"closed","template":"","meta":{"site-sidebar-layout":"default","site-content-layout":"","ast-site-content-layout":"","site-content-style":"default","site-sidebar-style":"default","ast-global-header-display":"","ast-banner-title-visibility":"","ast-main-header-display":"","ast-hfb-above-header-display":"","ast-hfb-below-header-display":"","ast-hfb-mobile-header-display":"","site-post-title":"","ast-breadcrumbs-content":"","ast-featured-img":"","footer-sml-layout":"","theme-transparent-header-meta":"","adv-header-id-meta":"","stick-header-meta":"","header-above-stick-meta":"","header-main-stick-meta":"","header-below-stick-meta":"","astra-migrate-meta-layouts":"default","ast-page-background-enabled":"default","ast-page-background-meta":{"desktop":{"background-color":"var(--ast-global-color-5)","background-image":"","background-repeat":"repeat","background-position":"center center","background-size":"auto","background-attachment":"scroll","background-type":"","background-media":"","overlay-type":"","overlay-color":"","overlay-opacity":"","overlay-gradient":""},"tablet":{"background-color":"","background-image":"","background-repeat":"repeat","background-position":"center center","background-size":"auto","background-attachment":"scroll","background-type":"","background-media":"","overlay-type":"","overlay-color":"","overlay-opacity":"","overlay-gradient":""},"mobile":{"background-color":"","background-image":"","background-repeat":"repeat","background-position":"center center","background-size":"auto","background-attachment":"scroll","background-type":"","background-media":"","overlay-type":"","overlay-color":"","overlay-opacity":"","overlay-gradient":""}},"ast-content-background-meta":{"desktop":{"background-color":"var(--ast-global-color-4)","background-image":"","background-repeat":"repeat","background-position":"center center","background-size":"auto","background-attachment":"scroll","background-type":"","background-media":"","overlay-type":"","overlay-color":"","overlay-opacity":"","overlay-gradient":""},"tablet":{"background-color":"var(--ast-global-color-4)","background-image":"","background-repeat":"repeat","background-position":"center center","background-size":"auto","background-attachment":"scroll","background-type":"","background-media":"","overlay-type":"","overlay-color":"","overlay-opacity":"","overlay-gradient":""},"mobile":{"background-color":"var(--ast-global-color-4)","background-image":"","background-repeat":"repeat","background-position":"center center","background-size":"auto","background-attachment":"scroll","background-type":"","background-media":"","overlay-type":"","overlay-color":"","overlay-opacity":"","overlay-gradient":""}},"footnotes":""},"class_list":["post-29","page","type-page","status-publish","hentry"],"_links":{"self":[{"href":"https:\/\/www.hotel-intemporel.com\/index.php\/wp-json\/wp\/v2\/pages\/29","targetHints":{"allow":["GET"]}}],"collection":[{"href":"https:\/\/www.hotel-intemporel.com\/index.php\/wp-json\/wp\/v2\/pages"}],"about":[{"href":"https:\/\/www.hotel-intemporel.com\/index.php\/wp-json\/wp\/v2\/types\/page"}],"author":[{"embeddable":true,"href":"https:\/\/www.hotel-intemporel.com\/index.php\/wp-json\/wp\/v2\/users\/1"}],"replies":[{"embeddable":true,"href":"https:\/\/www.hotel-intemporel.com\/index.php\/wp-json\/wp\/v2\/comments?post=29"}],"version-history":[{"count":39,"href":"https:\/\/www.hotel-intemporel.com\/index.php\/wp-json\/wp\/v2\/pages\/29\/revisions"}],"predecessor-version":[{"id":571,"href":"https:\/\/www.hotel-intemporel.com\/index.php\/wp-json\/wp\/v2\/pages\/29\/revisions\/571"}],"wp:attachment":[{"href":"https:\/\/www.hotel-intemporel.com\/index.php\/wp-json\/wp\/v2\/media?parent=29"}],"curies":[{"name":"wp","href":"https:\/\/api.w.org\/{rel}","templated":true}]}}